= j - 5*j + f. Calculate the greatest common factor of 63 and z.
63
Let v(r) = -251*r - 1436. Let t be v(-6). Calculate the greatest common divisor of 35 and t.
35
Suppose 11*y - 621 = 8*y - 4*b, -y - 2*b + 207 = 0. What is the highest common divisor of y and 2829?
69
Let t be ((-4)/6)/((-14)/42). Suppose -h - 13 = -t*h. Let o(n) = 5*n - 26. Let u be o(h). Calculate the highest common divisor of 39 and u.
39
Let u = -1003 + 1465. Suppose -18*t + 222 = -u. What is the greatest common factor of t and 190?
38
Let h = 170 - 298. Let r = -83 - h. What is the highest common divisor of 6 and r?
3
Let s(b) = -96*b - 1799. Let a be s(-19). Calculate the greatest common divisor of a and 2075.
25
Let j be 138/506 + 844/11. Calculate the greatest common divisor of 847 and j.
77
Suppose -k - 3*u + 920 = 140, 1560 = 2*k - u. Calculate the highest common divisor of k and 3.
3
Suppose 5*o - 510 = -4*d, 3*o - 87 - 219 = d. What is the highest common divisor of o and 136?
34
Let q(m) = 23*m**2 + 7*m - 10. Let k be q(1). Suppose k = b - 3*h, -47*h + 72 = 5*b - 48*h. Calculate the highest common factor of b and 175.
7
Let x = -2972 - -3874. Calculate the greatest common factor of 22 and x.
22
Let b(k) = 4*k**3 - 3*k**2 - 11*k - 15. Let g be b(3). Let n be (2*-3)/3 - -5. Let j be 90/4 + n/(-6). Calculate the highest common factor of g and j.
11
Let k be -1*((1667/(-5) - -8) + 7/5). Calculate the greatest common factor of k and 612.
36
Let d(f) = -12*f**2. Let r be d(-2). Let j be (-2)/(-12) + -1*2200/r. Calculate the greatest common divisor of 207 and j.
23
Suppose -51*d - 2*v = -56*d + 710, 20 = 4*v. Let j = -9 - -13. Suppose 18 = -j*y + 82. Calculate the highest common divisor of d and y.
16
Let o = -16495 - -20180. What is the greatest common factor of 268 and o?
67
Let j = 592 - 172. What is the greatest common divisor of j and 560?
140
Let g be (6 - (-33)/(-6))*(-1 + 7). Suppose a + x - 20 = 0, -g*x = 5*a - 0*a - 102. Let c be 6/a - (-200)/35. Calculate the highest common factor of 18 and c.
6
Suppose -r + 12 + 14 = 0. Let f(s) = -2*s**3 + 99*s**2 - 171*s + 1348. Let v be f(48). Calculate the greatest common factor of r and v.
26
Let d(r) = -7*r + 152. Let m be d(22). Let u be (-1449)/(-28) + m/(-8). Calculate the highest common factor of u and 39.
13
Suppose -6*a + 12*a - 4*a = 0. Let b(n) = -11*n + 34. Let g be b(a). Calculate the highest common factor of g and 374.
34
Let u be -28*((-26)/8 - -1 - 275/(-220)). What is the greatest common factor of u and 714?
14
Let r(p) = -5*p - 46. Let j be r(-9). Let n be (5 - (5 - j)) + (-162)/2. Let s = n - -96. Calculate the highest common divisor of 35 and s.
7
Let d = -13568 - -14130. What is the highest common divisor of d and 1405?
281
Let h = 103 - 101. Suppose -5*m = 2*c + 43, 35 = -c - h*m + 15. Let q be 7/c - 217/(-2). Calculate the highest common factor of q and 27.
27
Let r(g) = 515*g - 4380. Let w be r(17). Calculate the greatest common divisor of 7 and w.
7
Let x = -22202 + 22394. What is the highest common divisor of 544 and x?
32
Let s(j) = j**2 + 10*j + 22. Let o be s(-11). Let v be 45*(18/(-99) - (-193)/o). Calculate the highest common divisor of v and 30.
15
Let h(l) = l + 242. Let w be h(0). Suppose -1667 = -9*n + 16. Let a = n + -176. Calculate the greatest common divisor of a and w.
11
Suppose w - 60 = -w. Let m = -12853 + 12893. Calculate the highest common factor of m and w.
10
Let b be 3/((-4410)/(-364) - 12). What is the highest common factor of b and 1378?
26
Let i(v) = 16*v + 21. Suppose 0 = -0*l - 3*l - 9. Let d be i(l). Let w be (21/d*-3)/((-2)/(-18)). What is the greatest common divisor of 231 and w?
21
Let i(m) be the second derivative of 5*m**3/2 - 7*m**2 - 86*m + 2. Let w be i(3). What is the greatest common factor of w and 527?
31
Let o(j) = j**3 - 27*j**2 + 168*j + 74. Let c be o(19). Calculate the highest common factor of 1638 and c.
126
Let x = -7086 - -7248. Calculate the highest common divisor of x and 78.
6
Suppose 11 + 44 = 3*u + 5*m, -2*u = 4*m - 40. Suppose -45 = u*j - 435. What is the highest common factor of 52 and j?
13
Let w(n) = 11*n - 155. Let r be w(15). Let t be -15*(1336/(-60) - (-6)/r). What is the highest common divisor of 13 and t?
13
Suppose 8 = 4*m - 4. Suppose 0 = j + 3*u - 7*u - 124, j + m*u = 96. What is the highest common divisor of 81 and j?
27
Let o(k) = 17*k**3 - k**2 + 3*k - 2. Let r be o(1). Suppose r*i - 18 = 15*i. Suppose -7*x - 128 = -i*x. Calculate the highest common divisor of x and 8.
8
Suppose 0 = 4*r - 6*r - 336. Let m = r + 196. Calculate the greatest common divisor of m and 84.
28
Let r(o) = o**2 - 28*o + 130. Let z be r(24). Calculate the greatest common factor of 12002 and z.
34
Let f = -78 - -123. Let d = -21 + f. What is the greatest common divisor of 16 and d?
8
Let h(m) = -m**3 + m**2 - 6*m - 18. Let u be h(-9). Suppose 0*x - 5*w = 4*x - u, -x + 205 = -2*w. What is the highest common divisor of 11 and x?
11
Let d(p) = -128*p - 2252. Let u be d(-24). Calculate the greatest common factor of 1148 and u.
164
Let d = -99 + 110. Suppose d*m - 8*m = 45. Let p = -40 - -70. Calculate the highest common factor of m and p.
15
Suppose 10*f = 22 + 78. Let t(k) = 9. Let s(z) = -z + 17. Let g(l) = -3*s(l) + 5*t(l). Let d be g(f). What is the greatest common factor of 96 and d?
24
Suppose w + 37*y = 38*y + 22574, 3*y - 112926 = -5*w. Calculate the highest common factor of 234 and w.
117
Let j(g) = -g**3 - 17*g**2 - 3*g - 21. Let x be j(-17). Let t be 16 + 1 - 90/x. Suppose 36 = 2*o + t. What is the greatest common factor of 176 and o?
11
Let u(w) be the third derivative of -w**5/20 + 109*w**4/24 - 73*w**3/6 - 199*w**2. Let k be u(34). Calculate the highest common divisor of 15 and k.
15
Suppose 5 = -5*f, -25*f + 23*f = c - 12. What is the greatest common factor of 10 and c?
2
Let r(v) = 44*v + 71. Let g be r(-2). Let i be (-2 - g)*3/(36/8). What is the highest common divisor of 490 and i?
10
Let q(k) = 4*k**2 - 84*k - 364. Let u be q(-4). Calculate the highest common factor of u and 3762.
18
Let n(v) be the third derivative of 19*v**4/24 - 5*v**3 - 14*v**2. Let r be n(5). Suppose -r = -12*h + 11*h. What is the greatest common divisor of 26 and h?
13
Let y be -1 + -2 + 3/3. Let m be (8/((-96)/(-68)))/(y/(-6)). What is the greatest common factor of m and 17?
17
Suppose 0 = -2*u - z - 0*z - 57, 2*z - 96 = 3*u. Let o be u/(-225) + 358/15. What is the highest common factor of 60 and o?
12
Let r be 4 + (-7)/(42/(-132)). Calculate the highest common divisor of r and 91.
13
Let y = -2093 - -3143. What is the greatest common factor of y and 126?
42
Let q = 3229 + -2054. What is the greatest common divisor of 423 and q?
47
Suppose -d + 22 = -312. Suppose d*x = 337*x - 1239. Calculate the greatest common factor of 59 and x.
59
Let f = 104 + -89. Let q be (-12)/f*(-3 + (-27)/6). What is the highest common factor of q and 66?
6
Suppose -122*y + 124*y - 4*p + 8 = 0, 4*p = 16. What is the greatest common factor of 188 and y?
4
Suppose 0 = t + 4*t - 15. Let k be ((-64)/2)/(-4)*t. Let x(m) = m**3 + 21*m**2 + 36*m - 29. Let g be x(-19). Calculate the greatest common divisor of k and g.
3
Let k(u) = 2*u**2 - 88*u - 247. Let a be k(49). Calculate the highest common divisor of a and 270.
27
Let f be -15 + 19 + (6 - -1). Suppose -f*c - 265 - 1077 = 0. Let k = -113 - c. Calculate the highest common divisor of 45 and k.
9
Let g = 1274 - 240. What is the highest common factor of g and 376?
94
Suppose 5*w = -3*x + 3*w + 111, w = 2*x - 67. Suppose 0 = -41*n + 1974 + 1773 + 3428. What is the highest common factor of n and x?
35
Suppose 2*l - 66 = -24. Let q be ((-9)/l)/((-1)/7)*-23. Let b be q/(-6) - (7/(-2) + 4). Calculate the greatest common divisor of b and 165.
11
Let m(b) = -201*b + 2693. Let k be m(13). Calculate the greatest common divisor of 1952 and k.
16
Let p(i) = i**2 + 148*i + 5899. Let s be p(-71). What is the greatest common divisor of s and 912?
48
Suppose 1167 = 167*u - 170*u. Let v = u + 429. Calculate the greatest common divisor of v and 5.
5
Let g(i) = -75*i + 999. Let p be g(6). What is the greatest common factor of p and 122?
61
Suppose -5*a - 1286 = -5781. Suppose -8*l + 445 + a = 0. Calculate the greatest common divisor of 105 and l.
21
Let l(m) = m**2 +